{"id":7,"date":"2024-08-20T22:14:28","date_gmt":"2024-08-20T22:14:28","guid":{"rendered":"https:\/\/www.pandavanda.com\/?page_id=7"},"modified":"2024-09-03T20:10:59","modified_gmt":"2024-09-03T18:10:59","slug":"home","status":"publish","type":"page","link":"https:\/\/www.pandavanda.com\/","title":{"rendered":"HOME"},"content":{"rendered":"\n<div id=\"wp-block-themeisle-blocks-advanced-columns-26ac7b16\" class=\"wp-block-themeisle-blocks-advanced-columns alignfull has-1-columns has-desktop-equal-layout has-tablet-equal-layout hide-in-mobile has-vertical-center\"><div class=\"wp-block-themeisle-blocks-advanced-columns-overlay\"><\/div><div class=\"innerblocks-wrap\">\n<div id=\"wp-block-themeisle-blocks-advanced-column-d4516706\" class=\"wp-block-themeisle-blocks-advanced-column\">\n<div class=\"wp-block-cover aligncenter\" style=\"min-height:1em;aspect-ratio:unset;\"><span aria-hidden=\"true\" class=\"wp-block-cover__background has-background-dim-100 has-background-dim has-background-gradient\" style=\"background:radial-gradient(rgb(238,238,238) 39%,rgb(169,184,195) 100%)\"><\/span><div class=\"wp-block-cover__inner-container is-layout-constrained wp-block-cover-is-layout-constrained\">\n<figure class=\"wp-block-image size-full is-resized\"><img loading=\"lazy\" decoding=\"async\" width=\"1024\" height=\"1024\" src=\"https:\/\/www.pandavanda.com\/wp-content\/uploads\/2024\/08\/panda-vanda.png\" alt=\"\" class=\"wp-image-8\" style=\"width:697px;height:auto\" srcset=\"https:\/\/www.pandavanda.com\/wp-content\/uploads\/2024\/08\/panda-vanda.png 1024w, https:\/\/www.pandavanda.com\/wp-content\/uploads\/2024\/08\/panda-vanda-300x300.png 300w, https:\/\/www.pandavanda.com\/wp-content\/uploads\/2024\/08\/panda-vanda-150x150.png 150w, https:\/\/www.pandavanda.com\/wp-content\/uploads\/2024\/08\/panda-vanda-768x768.png 768w\" sizes=\"(max-width: 1024px) 100vw, 1024px\" \/><\/figure>\n<\/div><\/div>\n<\/div>\n<\/div><\/div>\n\n\n\n<div id=\"wp-block-themeisle-blocks-advanced-columns-806108d4\" class=\"wp-block-themeisle-blocks-advanced-columns alignfull has-1-columns has-mobile-equal-layout hide-in-desktop hide-in-tablet has-vertical-center\"><div class=\"wp-block-themeisle-blocks-advanced-columns-overlay\"><\/div><div class=\"innerblocks-wrap\">\n<div id=\"wp-block-themeisle-blocks-advanced-column-aafe8cef\" class=\"wp-block-themeisle-blocks-advanced-column\">\n<div class=\"wp-block-cover alignfull\" style=\"min-height:1em;aspect-ratio:unset;\"><span aria-hidden=\"true\" class=\"wp-block-cover__background has-background-dim-100 has-background-dim has-background-gradient\" style=\"background:radial-gradient(rgb(238,238,238) 41%,rgb(169,184,195) 100%)\"><\/span><div class=\"wp-block-cover__inner-container is-layout-constrained wp-block-cover-is-layout-constrained\">\n<div style=\"height:20vh\" aria-hidden=\"true\" class=\"wp-block-spacer\"><\/div>\n\n\n\n<figure class=\"wp-block-image size-full is-resized\"><img loading=\"lazy\" decoding=\"async\" width=\"1024\" height=\"1024\" src=\"https:\/\/www.pandavanda.com\/wp-content\/uploads\/2024\/08\/panda-vanda.png\" alt=\"\" class=\"wp-image-8\" style=\"width:697px;height:auto\" srcset=\"https:\/\/www.pandavanda.com\/wp-content\/uploads\/2024\/08\/panda-vanda.png 1024w, https:\/\/www.pandavanda.com\/wp-content\/uploads\/2024\/08\/panda-vanda-300x300.png 300w, https:\/\/www.pandavanda.com\/wp-content\/uploads\/2024\/08\/panda-vanda-150x150.png 150w, https:\/\/www.pandavanda.com\/wp-content\/uploads\/2024\/08\/panda-vanda-768x768.png 768w\" sizes=\"(max-width: 1024px) 100vw, 1024px\" \/><\/figure>\n\n\n\n<div style=\"height:20vh\" aria-hidden=\"true\" class=\"wp-block-spacer\"><\/div>\n<\/div><\/div>\n<\/div>\n<\/div><\/div>\n\n\n\n<div id=\"wp-block-themeisle-blocks-advanced-columns-9f5a9610\" class=\"wp-block-themeisle-blocks-advanced-columns has-2-columns has-desktop-equal-layout has-tablet-equal-layout hide-in-mobile has-vertical-center has-dark-bg\"><div class=\"wp-block-themeisle-blocks-advanced-columns-overlay\"><\/div><div class=\"innerblocks-wrap\">\n<div id=\"wp-block-themeisle-blocks-advanced-column-cd6962d3\" class=\"wp-block-themeisle-blocks-advanced-column\">\n<div class=\"wp-block-cover aligncenter has-neve-text-color-color has-text-color has-link-color wp-elements-90dfaa8890ac5aaea3733a1963f702e5 wp-duotone-unset-1\" style=\"border-style:none;border-width:0px;border-radius:20px;padding-top:var(--wp--preset--spacing--60);padding-right:var(--wp--preset--spacing--70);padding-bottom:var(--wp--preset--spacing--60);padding-left:var(--wp--preset--spacing--70)\"><span aria-hidden=\"true\" class=\"wp-block-cover__background has-nv-site-bg-background-color has-background-dim-100 has-background-dim\"><\/span><div class=\"wp-block-cover__inner-container is-layout-constrained wp-container-core-cover-is-layout-3 wp-block-cover-is-layout-constrained\">\n<h5 id=\"wp-block-themeisle-blocks-advanced-heading-6e81148c\" class=\"wp-block-themeisle-blocks-advanced-heading wp-block-themeisle-blocks-advanced-heading-6e81148c\">Ahoj, <br>som Panda Vanda.<br><br>U\u010d\u00edm \u013eud\u00ed a firmy ako by\u0165 online v pohode a bezpe\u010d\u00ed. <br>Internet je skvel\u00fd pomocn\u00edk, ale je to aj ve\u013emi nebezpe\u010dn\u00fd n\u00e1stroj ak nevieme ako s n\u00edm nar\u00e1ba\u0165. <br><\/h5>\n\n\n\n<h5 id=\"wp-block-themeisle-blocks-advanced-heading-13d9f2e9\" class=\"wp-block-themeisle-blocks-advanced-heading wp-block-themeisle-blocks-advanced-heading-13d9f2e9\">Ozvi sa mi a prejdeme si spolu 5 z\u00e1kladn\u00fdch krokov. Ur\u010dite sa to z\u00edde tebe aj tvoj\u00edm bl\u00edzkym &#8211; hlavne de\u0165om a rodi\u010dom.<br><br>Ak bude\u0161 chcie\u0165, p\u00f4jdeme \u010falej a nau\u010d\u00edm \u0165a ako ochr\u00e1ni\u0165 tvoju firmu.<br><br>Panda Vanda<\/h5>\n<\/div><\/div>\n<\/div>\n\n\n\n<div id=\"wp-block-themeisle-blocks-advanced-column-5e96a323\" class=\"wp-block-themeisle-blocks-advanced-column\">\n<div id=\"wp-block-themeisle-blocks-form-bb75cae8\" class=\"wp-block-themeisle-blocks-form\" data-option-name=\"bf9b28ff82ce323187abc5d0feb0d8f07ecd8436_bb75cae8\"><form class=\"otter-form__container\">\n<div id=\"wp-block-themeisle-blocks-form-input-b1eec02d\" class=\"wp-block-themeisle-blocks-form-input\"><label for=\"wp-block-themeisle-blocks-form-input-b1eec02d-input\" class=\"otter-form-input-label\"><span class=\"otter-form-input-label__label\">Meno<\/span><span class=\"required\">*<\/span><\/label><input type=\"text\" id=\"wp-block-themeisle-blocks-form-input-b1eec02d-input\" required placeholder=\"Krokod\u00edl Karol\" class=\"otter-form-input\"\/><\/div>\n\n\n\n<div id=\"wp-block-themeisle-blocks-form-input-ea233296\" class=\"wp-block-themeisle-blocks-form-input\"><label for=\"wp-block-themeisle-blocks-form-input-ea233296-input\" class=\"otter-form-input-label\"><span class=\"otter-form-input-label__label\">Email<\/span><span class=\"required\">*<\/span><\/label><input type=\"email\" id=\"wp-block-themeisle-blocks-form-input-ea233296-input\" required placeholder=\"krokodil.karol@zavinac.sk\" class=\"otter-form-input\"\/><\/div>\n\n\n<div class=\"protection\" aria-hidden=\"true\"><input type=\"hidden\" id=\"wp-block-themeisle-blocks-form-bb75cae8_nonce_field\" name=\"wp-block-themeisle-blocks-form-bb75cae8_nonce_field\" value=\"e69fc867b3\" \/><input type=\"hidden\" name=\"_wp_http_referer\" value=\"\/index.php?rest_route=%2Fwp%2Fv2%2Fpages%2F7\" \/><input class=\"o-anti-bot\" type=\"checkbox\"><\/div>\n\n\n<div id=\"wp-block-themeisle-blocks-form-textarea-8c7898e2\" class=\"wp-block-themeisle-blocks-form-textarea\"><label for=\"wp-block-themeisle-blocks-form-textarea-8c7898e2-input\" class=\"otter-form-textarea-label\"><span class=\"otter-form-textarea-label__label\">Spr\u00e1va<\/span><\/label><textarea id=\"wp-block-themeisle-blocks-form-textarea-8c7898e2-input\" rows=\"10\" class=\"otter-form-textarea-input\"><\/textarea><\/div>\n\n\n\n<p class=\"has-extra-small-font-size\">You agree to receive email communication from us by submitting this form and understand that your contact information will be stored with us.<\/p>\n<div class=\"wp-block-button\"><button class=\"wp-block-button__link\" type=\"submit\">Submit<\/button><\/div><\/form><\/div>\n<\/div>\n<\/div><\/div>\n\n\n\n<div id=\"wp-block-themeisle-blocks-advanced-columns-b1405485\" class=\"wp-block-themeisle-blocks-advanced-columns has-2-columns has-mobile-collapsedRows-layout hide-in-desktop hide-in-tablet has-vertical-center has-dark-bg\"><div class=\"wp-block-themeisle-blocks-advanced-columns-overlay\"><\/div><div class=\"innerblocks-wrap\">\n<div id=\"wp-block-themeisle-blocks-advanced-column-9a9096e3\" class=\"wp-block-themeisle-blocks-advanced-column\">\n<div class=\"wp-block-cover aligncenter has-neve-text-color-color has-text-color has-link-color wp-elements-286379ad16a8776e60cacc57b93b7078 wp-duotone-unset-2\" style=\"border-style:none;border-width:0px;border-radius:20px;padding-top:0;padding-right:var(--wp--preset--spacing--50);padding-bottom:0;padding-left:var(--wp--preset--spacing--50)\"><span aria-hidden=\"true\" class=\"wp-block-cover__background has-nv-site-bg-background-color has-background-dim-100 has-background-dim\"><\/span><div class=\"wp-block-cover__inner-container is-layout-constrained wp-container-core-cover-is-layout-4 wp-block-cover-is-layout-constrained\">\n<h5 id=\"wp-block-themeisle-blocks-advanced-heading-3ae33d5b\" class=\"wp-block-themeisle-blocks-advanced-heading wp-block-themeisle-blocks-advanced-heading-3ae33d5b\">Ahoj, <br>som Panda Vanda.<br><br>U\u010d\u00edm \u013eud\u00ed a firmy ako by\u0165 online v pohode a bezpe\u010d\u00ed. <br>Internet je skvel\u00fd pomocn\u00edk, ale je to aj ve\u013emi nebezpe\u010dn\u00fd n\u00e1stroj ak nevieme ako s n\u00edm nar\u00e1ba\u0165. <br><\/h5>\n\n\n\n<h5 id=\"wp-block-themeisle-blocks-advanced-heading-6894a4e3\" class=\"wp-block-themeisle-blocks-advanced-heading wp-block-themeisle-blocks-advanced-heading-6894a4e3\">Ozvi sa mi a prejdeme si 5 z\u00e1kladn\u00fdch krokov. Ur\u010dite sa to z\u00edde tebe aj tvoj\u00edm bl\u00edzkym &#8211; hlavne de\u0165om a rodi\u010dom.<br><br>Ak bude\u0161 chcie\u0165, p\u00f4jdeme \u010falej a nau\u010d\u00edm \u0165a ako ochr\u00e1ni\u0165 tvoju firmu.<br><br>Panda Vanda<\/h5>\n<\/div><\/div>\n<\/div>\n\n\n\n<div id=\"wp-block-themeisle-blocks-advanced-column-371e2176\" class=\"wp-block-themeisle-blocks-advanced-column\">\n<div id=\"wp-block-themeisle-blocks-form-219aa8ac\" class=\"wp-block-themeisle-blocks-form\" data-option-name=\"bf9b28ff82ce323187abc5d0feb0d8f07ecd8436_219aa8ac\"><form class=\"otter-form__container\">\n<div id=\"wp-block-themeisle-blocks-form-input-fba44648\" class=\"wp-block-themeisle-blocks-form-input\"><label for=\"wp-block-themeisle-blocks-form-input-fba44648-input\" class=\"otter-form-input-label\"><span class=\"otter-form-input-label__label\">Meno<\/span><span class=\"required\">*<\/span><\/label><input type=\"text\" id=\"wp-block-themeisle-blocks-form-input-fba44648-input\" required placeholder=\"Krokod\u00edl Karol\" class=\"otter-form-input\"\/><\/div>\n\n\n\n<div id=\"wp-block-themeisle-blocks-form-input-53a8f846\" class=\"wp-block-themeisle-blocks-form-input\"><label for=\"wp-block-themeisle-blocks-form-input-53a8f846-input\" class=\"otter-form-input-label\"><span class=\"otter-form-input-label__label\">Email<\/span><span class=\"required\">*<\/span><\/label><input type=\"email\" id=\"wp-block-themeisle-blocks-form-input-53a8f846-input\" required placeholder=\"krokodil.karol@zavinac.sk\" class=\"otter-form-input\"\/><\/div>\n\n\n<div class=\"protection\" aria-hidden=\"true\"><input type=\"hidden\" id=\"wp-block-themeisle-blocks-form-219aa8ac_nonce_field\" name=\"wp-block-themeisle-blocks-form-219aa8ac_nonce_field\" value=\"e69fc867b3\" \/><input type=\"hidden\" name=\"_wp_http_referer\" value=\"\/index.php?rest_route=%2Fwp%2Fv2%2Fpages%2F7\" \/><input class=\"o-anti-bot\" type=\"checkbox\"><\/div>\n\n\n<div id=\"wp-block-themeisle-blocks-form-textarea-d2b9f9d2\" class=\"wp-block-themeisle-blocks-form-textarea\"><label for=\"wp-block-themeisle-blocks-form-textarea-d2b9f9d2-input\" class=\"otter-form-textarea-label\"><span class=\"otter-form-textarea-label__label\">Spr\u00e1va<\/span><\/label><textarea id=\"wp-block-themeisle-blocks-form-textarea-d2b9f9d2-input\" rows=\"10\" class=\"otter-form-textarea-input\"><\/textarea><\/div>\n\n\n\n<p class=\"has-extra-small-font-size\">You agree to receive email communication from us by submitting this form and understand that your contact information will be stored with us.<\/p>\n<div class=\"wp-block-button\"><button class=\"wp-block-button__link\" type=\"submit\">Submit<\/button><\/div><\/form><\/div>\n<\/div>\n<\/div><\/div>\n\n\n\n<div id=\"wp-block-themeisle-blocks-advanced-columns-f88d6a41\" class=\"wp-block-themeisle-blocks-advanced-columns has-3-columns has-desktop-equal-layout has-tablet-equal-layout has-mobile-collapsedRows-layout has-vertical-unset has-dark-bg\"><div class=\"wp-block-themeisle-blocks-advanced-columns-overlay\"><\/div><div class=\"innerblocks-wrap\">\n<div id=\"wp-block-themeisle-blocks-advanced-column-2b6479f1\" class=\"wp-block-themeisle-blocks-advanced-column\"><\/div>\n\n\n\n<div id=\"wp-block-themeisle-blocks-advanced-column-8022fbb0\" class=\"wp-block-themeisle-blocks-advanced-column\">\n<div style=\"height:10vh\" aria-hidden=\"true\" class=\"wp-block-spacer\"><\/div>\n\n\n\n<p class=\"has-text-align-center\">\u00a9 XPAULER 2024<\/p>\n<\/div>\n\n\n\n<div id=\"wp-block-themeisle-blocks-advanced-column-847a463b\" class=\"wp-block-themeisle-blocks-advanced-column\"><\/div>\n<\/div><\/div>\n","protected":false},"excerpt":{"rendered":"","protected":false},"author":1,"featured_media":0,"parent":0,"menu_order":0,"comment_status":"closed","ping_status":"closed","template":"","meta":{"neve_meta_sidebar":"","neve_meta_container":"full-width","neve_meta_enable_content_width":"","neve_meta_content_width":0,"neve_meta_title_alignment":"center","neve_meta_author_avatar":"","neve_post_elements_order":"","neve_meta_disable_header":"on","neve_meta_disable_footer":"on","neve_meta_disable_title":"on","_themeisle_gutenberg_block_has_review":false,"footnotes":""},"class_list":["post-7","page","type-page","status-publish","hentry"],"_links":{"self":[{"href":"https:\/\/www.pandavanda.com\/index.php?rest_route=\/wp\/v2\/pages\/7"}],"collection":[{"href":"https:\/\/www.pandavanda.com\/index.php?rest_route=\/wp\/v2\/pages"}],"about":[{"href":"https:\/\/www.pandavanda.com\/index.php?rest_route=\/wp\/v2\/types\/page"}],"author":[{"embeddable":true,"href":"https:\/\/www.pandavanda.com\/index.php?rest_route=\/wp\/v2\/users\/1"}],"replies":[{"embeddable":true,"href":"https:\/\/www.pandavanda.com\/index.php?rest_route=%2Fwp%2Fv2%2Fcomments&post=7"}],"version-history":[{"count":6,"href":"https:\/\/www.pandavanda.com\/index.php?rest_route=\/wp\/v2\/pages\/7\/revisions"}],"predecessor-version":[{"id":98,"href":"https:\/\/www.pandavanda.com\/index.php?rest_route=\/wp\/v2\/pages\/7\/revisions\/98"}],"wp:attachment":[{"href":"https:\/\/www.pandavanda.com\/index.php?rest_route=%2Fwp%2Fv2%2Fmedia&parent=7"}],"curies":[{"name":"wp","href":"https:\/\/api.w.org\/{rel}","templated":true}]}}